{"id":308,"date":"2020-01-13T11:17:52","date_gmt":"2020-01-13T11:17:52","guid":{"rendered":"https:\/\/demosites.io\/web-agency-gb\/?page_id=5"},"modified":"2021-11-11T12:28:49","modified_gmt":"2021-11-11T11:28:49","slug":"15c42-web-agency-gb-home","status":"publish","type":"page","link":"https:\/\/signaturen.as\/","title":{"rendered":"Hjem"},"content":{"rendered":"\n<div class=\"wp-block-cover alignfull\" style=\"min-height:700px;aspect-ratio:unset;\"><img loading=\"lazy\" decoding=\"async\" width=\"1600\" height=\"895\" class=\"wp-block-cover__image-background wp-image-444\" alt=\"\" src=\"https:\/\/signaturen.as\/wp-content\/uploads\/2021\/10\/forside.jpg\" data-object-fit=\"cover\" srcset=\"https:\/\/signaturen.as\/wp-content\/uploads\/2021\/10\/forside.jpg 1600w, https:\/\/signaturen.as\/wp-content\/uploads\/2021\/10\/forside-300x168.jpg 300w, https:\/\/signaturen.as\/wp-content\/uploads\/2021\/10\/forside-1024x573.jpg 1024w, https:\/\/signaturen.as\/wp-content\/uploads\/2021\/10\/forside-768x430.jpg 768w, https:\/\/signaturen.as\/wp-content\/uploads\/2021\/10\/forside-1536x859.jpg 1536w\" sizes=\"auto, (max-width: 1600px) 100vw, 1600px\" \/><div class=\"wp-block-cover__inner-container is-layout-flow wp-block-cover-is-layout-flow\">\n<div style=\"height:80px\" aria-hidden=\"true\" class=\"wp-block-spacer\"><\/div>\n\n\n\n<h2 class=\"has-text-align-center has-nv-text-dark-bg-color has-text-color wp-block-heading\">Fjellrede -Arkitekttegnet hyttedr\u00f8m<\/h2>\n\n\n\n<h1 class=\"has-text-align-center has-normal-font-size wp-block-heading\">Vi i Signaturen Eiendom har utviklet 3 ulike hytte modeller sammen med Ario arkitekter, som vi er meget stolte av.<\/h1>\n\n\n\n<p class=\"has-text-align-center\">Med \u00f8ye for detaljer bygger vi hyttedr\u00f8mmen ogs\u00e5 for deg.<\/p>\n\n\n\n<p class=\"has-text-align-center\">Solrike tomter er tilgjengelige.<\/p>\n\n\n\n<div class=\"wp-block-buttons is-content-justification-center is-layout-flex wp-block-buttons-is-layout-flex\">\n<div class=\"wp-block-button is-style-primary\"><a class=\"wp-block-button__link\" href=\"https:\/\/signaturen.as\/?page_id=69\">Klikk for mer informasjon<\/a><\/div>\n<\/div>\n\n\n\n<div style=\"height:80px\" aria-hidden=\"true\" class=\"wp-block-spacer\"><\/div>\n\n\n\n<div style=\"height:80px\" aria-hidden=\"true\" class=\"wp-block-spacer\"><\/div>\n\n\n\n<p><\/p>\n<\/div><\/div>\n\n\n\n<div style=\"height:17px\" aria-hidden=\"true\" class=\"wp-block-spacer\"><\/div>\n\n\n\n<h3 class=\"has-text-align-center wp-block-heading\">Solrike tomter er tilgjengelige her<\/h3>\n\n\n\n<div class=\"wp-block-columns is-layout-flex wp-container-core-columns-is-layout-9d6595d7 wp-block-columns-is-layout-flex\">\n<div class=\"wp-block-column is-layout-flow wp-block-column-is-layout-flow\">\n<div class=\"wp-block-image icon-style is-style-rounded\"><figure class=\"aligncenter size-large\"><img decoding=\"async\" src=\"https:\/\/signaturen.as\/wp-content\/uploads\/2020\/01\/neve-webdesign-GB-03.png\" alt=\"\" class=\"wp-image-20\" title=\"\"\/><\/figure><\/div>\n\n\n\n<h3 class=\"has-text-align-center has-neve-text-color-color has-text-color wp-block-heading\">Rauland<\/h3>\n\n\n\n<p class=\"has-text-align-center\">Kostveit hyttegrend<\/p>\n\n\n\n<div style=\"height:20px\" aria-hidden=\"true\" class=\"wp-block-spacer\"><\/div>\n<\/div>\n\n\n\n<div class=\"wp-block-column is-layout-flow wp-block-column-is-layout-flow\">\n<div class=\"wp-block-image icon-style is-style-rounded\"><figure class=\"aligncenter size-large\"><img decoding=\"async\" src=\"https:\/\/signaturen.as\/wp-content\/uploads\/2020\/01\/neve-webdesign-GB-03.png\" alt=\"\" class=\"wp-image-20\" title=\"\"\/><\/figure><\/div>\n\n\n\n<h3 class=\"has-text-align-center has-neve-text-color-color has-text-color wp-block-heading\">Tuddal, St\u00f8lsvegen<\/h3>\n\n\n\n<p class=\"has-text-align-center\">Solheimsbeite hyttegrend<\/p>\n\n\n\n<div style=\"height:20px\" aria-hidden=\"true\" class=\"wp-block-spacer\"><\/div>\n<\/div>\n\n\n\n<div class=\"wp-block-column is-layout-flow wp-block-column-is-layout-flow\">\n<div class=\"wp-block-image icon-style is-style-rounded\"><figure class=\"aligncenter size-large\"><img decoding=\"async\" src=\"https:\/\/signaturen.as\/wp-content\/uploads\/2020\/01\/neve-webdesign-GB-03.png\" alt=\"\" class=\"wp-image-20\" title=\"\"\/><\/figure><\/div>\n\n\n\n<h3 class=\"has-text-align-center has-neve-text-color-color has-text-color wp-block-heading\">Nissedal, Treungen<\/h3>\n\n\n\n<p class=\"has-text-align-center\">Utsj\u00e5 hyttegrend<\/p>\n\n\n\n<div style=\"height:20px\" aria-hidden=\"true\" class=\"wp-block-spacer\"><\/div>\n<\/div>\n<\/div>\n\n\n\n<div class=\"wp-block-cover alignfull has-nv-dark-bg-background-color has-background-dim\" style=\"min-height:535px;aspect-ratio:unset;\"><div class=\"wp-block-cover__inner-container is-layout-flow wp-block-cover-is-layout-flow\">\n<div class=\"wp-block-group\"><div class=\"wp-block-group__inner-container is-layout-flow wp-block-group-is-layout-flow\">\n<div class=\"wp-block-columns are-vertically-aligned-center is-layout-flex wp-container-core-columns-is-layout-9d6595d7 wp-block-columns-is-layout-flex\">\n<div class=\"wp-block-column is-vertically-aligned-center is-layout-flow wp-block-column-is-layout-flow\" style=\"flex-basis:50%\">\n<figure class=\"wp-block-image size-large\"><img loading=\"lazy\" decoding=\"async\" width=\"1024\" height=\"577\" src=\"https:\/\/signaturen.as\/wp-content\/uploads\/2021\/09\/Fjellrede-V1_Illustrasjoner-part-9-1024x577.jpg\" alt=\"\" class=\"wp-image-346\" srcset=\"https:\/\/signaturen.as\/wp-content\/uploads\/2021\/09\/Fjellrede-V1_Illustrasjoner-part-9-1024x577.jpg 1024w, https:\/\/signaturen.as\/wp-content\/uploads\/2021\/09\/Fjellrede-V1_Illustrasjoner-part-9-300x169.jpg 300w, https:\/\/signaturen.as\/wp-content\/uploads\/2021\/09\/Fjellrede-V1_Illustrasjoner-part-9-768x432.jpg 768w, https:\/\/signaturen.as\/wp-content\/uploads\/2021\/09\/Fjellrede-V1_Illustrasjoner-part-9-1536x865.jpg 1536w, https:\/\/signaturen.as\/wp-content\/uploads\/2021\/09\/Fjellrede-V1_Illustrasjoner-part-9-2048x1153.jpg 2048w\" sizes=\"auto, (max-width: 1024px) 100vw, 1024px\" \/><\/figure>\n<\/div>\n\n\n\n<div class=\"wp-block-column is-vertically-aligned-center is-layout-flow wp-block-column-is-layout-flow\" style=\"flex-basis:50%\">\n<div style=\"height:40px\" aria-hidden=\"true\" class=\"wp-block-spacer\"><\/div>\n\n\n\n<h2 class=\"has-text-align-left has-nv-text-dark-bg-color has-text-color wp-block-heading\">Hyttekatalog<\/h2>\n\n\n\n<p class=\"has-text-align-left has-nv-text-dark-bg-color has-text-color\" style=\"font-size:17px\">Ta gjerne en titt i v\u00e5r hyttekatalog<\/p>\n\n\n\n<div class=\"wp-block-buttons is-content-justification-center is-layout-flex wp-block-buttons-is-layout-flex\">\n<div class=\"wp-block-button is-style-primary\"><a class=\"wp-block-button__link\" href=\"https:\/\/e.issuu.com\/embed.html?d=hyttekatalog_2021_signaturen_eiendom_1&amp;u=bridgeit\" target=\"_blank\" rel=\"noreferrer noopener\">Klikk her<\/a><\/div>\n<\/div>\n<\/div>\n\n\n\n<div class=\"wp-block-column is-vertically-aligned-center is-layout-flow wp-block-column-is-layout-flow\" style=\"flex-basis:50%\">\n<figure class=\"wp-block-image size-full is-resized\"><img loading=\"lazy\" decoding=\"async\" src=\"https:\/\/signaturen.as\/wp-content\/uploads\/2021\/11\/siste_side.png\" alt=\"\" class=\"wp-image-697\" width=\"516\" height=\"399\" srcset=\"https:\/\/signaturen.as\/wp-content\/uploads\/2021\/11\/siste_side.png 1638w, https:\/\/signaturen.as\/wp-content\/uploads\/2021\/11\/siste_side-300x232.png 300w, https:\/\/signaturen.as\/wp-content\/uploads\/2021\/11\/siste_side-1024x792.png 1024w, https:\/\/signaturen.as\/wp-content\/uploads\/2021\/11\/siste_side-768x594.png 768w, https:\/\/signaturen.as\/wp-content\/uploads\/2021\/11\/siste_side-1536x1188.png 1536w\" sizes=\"auto, (max-width: 516px) 100vw, 516px\" \/><\/figure>\n<\/div>\n<\/div>\n<\/div><\/div>\n\n\n\n<p><\/p>\n<\/div><\/div>\n\n\n\n<div class=\"wp-block-cover alignfull has-nv-light-bg-background-color has-background-dim\" style=\"min-height:420px;aspect-ratio:unset;\"><div class=\"wp-block-cover__inner-container is-layout-flow wp-block-cover-is-layout-flow\">\n<div style=\"height:80px\" aria-hidden=\"true\" class=\"wp-block-spacer\"><\/div>\n\n\n\n<figure class=\"wp-block-gallery columns-2 is-cropped wp-block-gallery-1 is-layout-flex wp-block-gallery-is-layout-flex\"><ul class=\"blocks-gallery-grid\"><li class=\"blocks-gallery-item\"><figure><img loading=\"lazy\" decoding=\"async\" width=\"1024\" height=\"581\" src=\"https:\/\/signaturen.as\/wp-content\/uploads\/2021\/09\/Fjellrede-V1_Illustrasjoner-part-5-1024x581.jpg\" alt=\"\" data-id=\"356\" data-full-url=\"https:\/\/signaturen.as\/wp-content\/uploads\/2021\/09\/Fjellrede-V1_Illustrasjoner-part-5-scaled.jpg\" data-link=\"https:\/\/signaturen.as\/?attachment_id=356\" class=\"wp-image-356\" srcset=\"https:\/\/signaturen.as\/wp-content\/uploads\/2021\/09\/Fjellrede-V1_Illustrasjoner-part-5-1024x581.jpg 1024w, https:\/\/signaturen.as\/wp-content\/uploads\/2021\/09\/Fjellrede-V1_Illustrasjoner-part-5-300x170.jpg 300w, https:\/\/signaturen.as\/wp-content\/uploads\/2021\/09\/Fjellrede-V1_Illustrasjoner-part-5-768x436.jpg 768w, https:\/\/signaturen.as\/wp-content\/uploads\/2021\/09\/Fjellrede-V1_Illustrasjoner-part-5-1536x872.jpg 1536w, https:\/\/signaturen.as\/wp-content\/uploads\/2021\/09\/Fjellrede-V1_Illustrasjoner-part-5-2048x1163.jpg 2048w\" sizes=\"auto, (max-width: 1024px) 100vw, 1024px\" \/><\/figure><\/li><li class=\"blocks-gallery-item\"><figure><img loading=\"lazy\" decoding=\"async\" width=\"1024\" height=\"576\" src=\"https:\/\/signaturen.as\/wp-content\/uploads\/2021\/09\/Fjellrede-V1_Illustrasjoner-part-4-1024x576.jpg\" alt=\"\" data-id=\"355\" data-full-url=\"https:\/\/signaturen.as\/wp-content\/uploads\/2021\/09\/Fjellrede-V1_Illustrasjoner-part-4-scaled.jpg\" data-link=\"https:\/\/signaturen.as\/?attachment_id=355\" class=\"wp-image-355\" srcset=\"https:\/\/signaturen.as\/wp-content\/uploads\/2021\/09\/Fjellrede-V1_Illustrasjoner-part-4-1024x576.jpg 1024w, https:\/\/signaturen.as\/wp-content\/uploads\/2021\/09\/Fjellrede-V1_Illustrasjoner-part-4-300x169.jpg 300w, https:\/\/signaturen.as\/wp-content\/uploads\/2021\/09\/Fjellrede-V1_Illustrasjoner-part-4-768x432.jpg 768w, https:\/\/signaturen.as\/wp-content\/uploads\/2021\/09\/Fjellrede-V1_Illustrasjoner-part-4-1536x864.jpg 1536w, https:\/\/signaturen.as\/wp-content\/uploads\/2021\/09\/Fjellrede-V1_Illustrasjoner-part-4-2048x1152.jpg 2048w\" sizes=\"auto, (max-width: 1024px) 100vw, 1024px\" \/><\/figure><\/li><\/ul><\/figure>\n\n\n\n<div class=\"wp-block-columns is-layout-flex wp-container-core-columns-is-layout-9d6595d7 wp-block-columns-is-layout-flex\">\n<div class=\"wp-block-column ticss-4ce656f1 is-layout-flow wp-block-column-is-layout-flow\">\n<div style=\"height:20px\" aria-hidden=\"true\" class=\"wp-block-spacer\"><\/div>\n<\/div>\n\n\n\n<div class=\"wp-block-column ticss-f6fc7494 is-layout-flow wp-block-column-is-layout-flow\"><\/div>\n\n\n\n<div class=\"wp-block-column ticss-a5b4df29 is-layout-flow wp-block-column-is-layout-flow\">\n<div style=\"height:20px\" aria-hidden=\"true\" class=\"wp-block-spacer\"><\/div>\n<\/div>\n<\/div>\n\n\n\n<div style=\"height:30px\" aria-hidden=\"true\" class=\"wp-block-spacer\"><\/div>\n<\/div><\/div>\n\n\n\n<div class=\"wp-block-cover alignfull has-nv-dark-bg-background-color has-background-dim\" style=\"min-height:300px;aspect-ratio:unset;\"><div class=\"wp-block-cover__inner-container is-layout-flow wp-block-cover-is-layout-flow\">\n<h2 class=\"has-text-align-center has-nv-text-dark-bg-color has-text-color wp-block-heading\">La oss gj\u00f8re din hyttedr\u00f8m til virkelighet<\/h2>\n\n\n\n<p class=\"has-text-align-center has-medium-font-size\">Vi har mange tilgjengelige hyttetomter i Rauland, Tuddal og Nissedal.<\/p>\n<\/div><\/div>\n","protected":false},"excerpt":{"rendered":"<p>Solrike tomter er tilgjengelige her Rauland Kostveit hyttegrend Tuddal, St\u00f8lsvegen Solheimsbeite hyttegrend Nissedal, Treungen Utsj\u00e5 hyttegrend<\/p>\n","protected":false},"author":1,"featured_media":0,"parent":0,"menu_order":0,"comment_status":"closed","ping_status":"closed","template":"","meta":{"neve_meta_sidebar":"default","neve_meta_container":"default","neve_meta_enable_content_width":"on","neve_meta_content_width":100,"neve_meta_title_alignment":"","neve_meta_author_avatar":"","neve_post_elements_order":"","neve_meta_disable_header":"","neve_meta_disable_footer":"","neve_meta_disable_title":"on","footnotes":""},"class_list":["post-308","page","type-page","status-publish","hentry"],"_links":{"self":[{"href":"https:\/\/signaturen.as\/index.php?rest_route=\/wp\/v2\/pages\/308","targetHints":{"allow":["GET"]}}],"collection":[{"href":"https:\/\/signaturen.as\/index.php?rest_route=\/wp\/v2\/pages"}],"about":[{"href":"https:\/\/signaturen.as\/index.php?rest_route=\/wp\/v2\/types\/page"}],"author":[{"embeddable":true,"href":"https:\/\/signaturen.as\/index.php?rest_route=\/wp\/v2\/users\/1"}],"replies":[{"embeddable":true,"href":"https:\/\/signaturen.as\/index.php?rest_route=%2Fwp%2Fv2%2Fcomments&post=308"}],"version-history":[{"count":30,"href":"https:\/\/signaturen.as\/index.php?rest_route=\/wp\/v2\/pages\/308\/revisions"}],"predecessor-version":[{"id":702,"href":"https:\/\/signaturen.as\/index.php?rest_route=\/wp\/v2\/pages\/308\/revisions\/702"}],"wp:attachment":[{"href":"https:\/\/signaturen.as\/index.php?rest_route=%2Fwp%2Fv2%2Fmedia&parent=308"}],"curies":[{"name":"wp","href":"https:\/\/api.w.org\/{rel}","templated":true}]}}